10
In base 6, what is -120222423200 + 0?
-120222423200
In base 4, what is -2003132 - 210333?
-2220131
In base 16, what is 3 + -b31dcfc?
-b31dcf9
In base 13, what is 453b53 - -57?
453baa
In base 6, what is -32 - -55144131?
55144055
In base 15, what is -6 - -4825866?
4825860
In base 10, what is -3812 + -147618?
-151430
In base 15, what is -14 + 6c69c?
6c688
In base 10, what is -104 - -14660?
14556
In base 16, what is -6465d + 13?
-6464a
In base 3, what is 2222022211110 + -2001?
2222022202102
In base 12, what is -7108a7 + -13b?
-710a26
In base 15, what is -2 + ee013?
ee011
In base 7, what is 4 - 156351151?
-156351144
In base 15, what is 35 + c70e?
c744
In base 12, what is a441a + -181?
a4259
In base 8, what is -524573012 - 2?
-524573014
In base 5, what is 20134340 - -224?
20140114
In base 16, what is -2212 + -581?
-2793
In base 7, what is 2504 - -50612?
53416
In base 16, what is 4063e - 2?
4063c
In base 6, what is -1213503 - -310?
-1213153
In base 13, what is 143 - -21866?
219a9
In base 11, what is -9a101604 - -3?
-9a101601
In base 12, what is a90b - 7a1?
a12a
In base 6, what is 5 + -3330421040?
-3330421031
In base 5, what is -20 + 441003?
440433
In base 6, what is 3152 - -2034004?
2041200
In base 11, what is -12 + -45a72?
-45a84
In base 10, what is 35492 - 323?
35169
In base 4, what is 32222300121 + -12?
32222300103
In base 7, what is -1606 + -2333530?
-2335436
In base 10, what is -22916582 - -1?
-22916581
In base 13, what is -bc48b9 - -26?
-bc4893
In base 10, what is 5 - -12988293?
12988298
In base 10, what is -17 + -896589?
-896606
In base 15, what is 614b5 - -a3?
61568
In base 11, what is 4 - 7896958?
-7896954
In base 11, what is 7867 - -1018?
8884
In base 10, what is 474882 - -66?
474948
In base 6, what is -5540454 - 500?
-5541354
In base 7, what is -3015 + 13062?
10044
In base 3, what is -201211 - 221210110211?
-221211012122
In base 14, what is -489d + -76?
-4935
In base 13, what is -421 + -2611a?
-2653b
In base 2, what is 10110001111101 + -1111110110?
10100010000111
In base 5, what is 1 + 34333122?
34333123
In base 5, what is -13 + 43000123?
43000110
In base 10, what is -12037356 + 5?
-12037351
In base 2, what is 1010101010011100110001111 - -11?
1010101010011100110010010
In base 11, what is -aa3 + 33a6?
2403
In base 7, what is -50 + -3316560?
-3316640
In base 15, what is 1113 + -12409?
-112e6
In base 4, what is 1211 - -10001232?
10003103
In base 10, what is 104169891 - 3?
104169888
In base 4, what is 1 - -10302303301332?
10302303301333
In base 15, what is 15065 - a3?
14eb2
In base 12, what is -5 - -2b71323?
2b7131a
In base 7, what is 5 + -2546465224?
-2546465216
In base 12, what is -206 - -128643?
128439
In base 16, what is -7614b + 30?
-7611b
In base 10, what is 9108 + -1123?
7985
In base 11, what is -3 + 20670a29?
20670a26
In base 6, what is 34013420 + 1?
34013421
In base 2, what is 1111111101110 - -11110010011?
10011110000001
In base 16, what is -48 - 71586?
-715ce
In base 6, what is 431430 + 10313?
442143
In base 11, what is -1418a58 + 21?
-1418a37
In base 3, what is -11112 + 1000020021112?
1000020010000
In base 14, what is -1d78 + -2a3?
-223b
In base 16, what is 975239 + 8?
975241
In base 8, what is 26323 - -21676?
50221
In base 8, what is 1735446204 + 4?
1735446210
In base 10, what is 47 + -1776232?
-1776185
In base 3, what is 100102101212221 - -10?
100102101220001
In base 7, what is -102 + -466632?
-500034
In base 13, what is -15a79 - 177?
-15c23
In base 6, what is 2431 + -12150430?
-12143555
In base 7, what is -350604553 - -4?
-350604546
In base 2, what is 1000000 - -10111100001100000111101?
10111100001100001111101
In base 13, what is -4 - 4928ac?
-4928b3
In base 14, what is 1d5324b - 2?
1d53249
In base 9, what is -1150288 + 50?
-1150238
In base 4, what is 2301321131 + 0?
2301321131
In base 9, what is 18 + -1374655?
-1374636
In base 16, what is -114b6 - -f?
-114a7
In base 12, what is 12b5ba - -112?
12b710
In base 11, what is -1 + -172093a?
-1720940
In base 15, what is 1b8 - -47edd?
481a6
In base 4, what is 320 + -1012333212?
-1012332232
In base 13, what is 1769 - 9a?
169c
In base 14, what is -9 + 8b769?
8b760
In base 15, what is -1ba + -817e3?
-819ad
In base 12, what is a1 + -533429?
-533348
In base 9, what is 2 - -115761575?
115761577
In base 9, what is 154567 - 245?
154322
In base 9, what is 7 + -23425024?
-23425016
In base 11, what is -8 + 492617?
49260a
In base 8, what is -2613065 - 50?
-2613135
In base 8, what is 4 + 30113651?
30113655
In base 15, what is 128 - -5c3e?
5d67
In base 12, what is 1319839 - -22?
131985b
In base 6, what is 105 + -2315344?
-2315235
In base 5, what is -2211410233 - 31?
-2211410314
In base 16, what is -11afe - 12?
-11b10
In base 11, what is -135 - -50467?
50332
In base 2, what is 1100101010 - 101000010110100?
-100110110001010
In base 5, what is 10 - 104332031210?
-104332031200
In base 7, what is 231326432 - 51?
231326351
In base 15, what is -147b867b + -1?
-147b867c
In base 8, what is 5104 - 23052?
-15746
In base 3, what is 102200 + -21200101121?
-21122221221
In base 3, what is 100000210120122211 - -1?
100000210120122212
In base 14, what is 1b9 - 19d1?
-1816
In base 9, what is -48 + 82321?
82262
In base 14, what is 7b60d - -5?
7b614
In base 4, what is -22023220133 - -100?
-22023220033
In base 12, what is 43800 - -4?
43804
In base 16, what is -dce64c + 4?
-dce648
In base 3, what is -100202101100 + 11012?
-100202020011
In base 3, what is -222212111 - 111100011?
-1111012122
In base 10, what is 5 - 118230416?
-118230411
In base 12, what is 154a112 - 55?
154a079
In base 10, what is 40120 + -1053?
39067
In base 8, what is -116601 + -24?
-116625
In base 12, what is 43815a59 + 3?
43815a60
In base 10, what is -29 + -1870727?
-1870756
In base 11, what is 14 - a38946?
-a38932
In base 10, what is -23761369 + -3?
-23761372
In base 9, what is 1451143320 + 1?
1451143321
In base 15, what is 17b299b + 5?
17b29a1
In base 12, what is 8b960 - -1b?
8b97b
In base 6, what is -12031124 - -5422?
-12021302
In base 5, what is -1404412 - -234320?
-1120042
In base 9, what is -37183 - -341?
-36742
In base 12, what is -3b561 + 1a7?
-3b376
In base 8, what is 10234005 + -4?
10234001
In base 8, what is 2466 + 341015?
343503
In base 11, what is 4 + 2a19067?
2a19070
In base 2, what is -10001000001100111011 - 101011000?
-10001000010010010011
In base 5, what is -300320022 + 1?
-300320021
In base 9, what is -2075400556 + 5?
-2075400551
In base 6, what is -2 + 10421021505?
10421021503
In base 14, what is 0 - -1b990d?
1b990d
In base 13, what is -86b1b33 + -5?
-86b1b38
In base 2, what is -1011 - 10010010110111010110110?
-10010010110111011000001
In base 3, what is -2012101222012220 + 0?
-2012101222012220
In base 5, what is 444 - 344142244?
-344141300
In base 10, what is 243 + 1794044?
1794287
In base 2, what is -1101 - -11000000101000010111?
11000000101000001010
In base 5, what is 113003022404 - -104?
113003023013
In base 15, what is -7 - 11584d?
-115855
In base 13, what is 3 + 1bb63?
1bb66
In base 9, what is 458688 - 110?
458578
In base 5, what is 4 - 2114311313?
-2114311304
In base 12, what is 188 - 161646?
-16147a
In base 5, what is 22243 - 234422?
-212124
In base 6, what is 240551330 - 3?
240551323
In base 12, what is 0 - -93b217?
93b217
In base 9, what is -3278288 + 55?
-3278233
In base 12, what is -a6bb + bb5?
-9706
In base 2, what is -11110111111000111101011010 + 100?
-11110111111000111101010110
In base 6, what is -112302134 - -4?
-112302130
In base 9, what is -18446401 - -4?
-18446386
In base 13, what is 197 + -110084?
-10cbba
In base 16, what is -cd - a083?
-a150
In base 9, what is 21141201 + 4?
21141205
In base 10, what is -1691356 - 3?
-1691359
In base 8, what is -630 - -6536003?
6535153
In base 16, what is -10b60e9 - -14?
-10b60d5
In base 13, what is 99 + -1a826?
-1a75a
In base 10, what is 8 + 399092?
399100
In base 14, what is -15b471 - -1a2?
-15b2ad
In base 8, what is 1032 + -534133?
-533101
In base 9, what is 380 + 81823?
82313
In base 13, what is 45ca3 + -12b?
45b75
In base 11, what is -6 + -212a00?
-212a06
In base 2, what is 1000111 + -101110111110101001?
-101110111101100010
In base 15, what is -2 + -2b3dab8?
-2b3daba
In base 12, what is -2 - 38a0607?
-38a0609
In base 9, what is -561727 - -164?
-561553
In base 6, what is -